 -20*k. Let c(u) = n*s(u) + 5*f(u). Suppose 28*g + 34 = 6. Give c(g).
-4
Let d(o) = 2*o**3 + 9*o**2 + 13*o + 15. Let k(n) = n**3 + 4*n**2 + 7*n + 8. Let m(j) = 3*d(j) - 5*k(j). Calculate m(-6).
17
Suppose 0 = -10*i - 1095 + 1255. Let n(z) = z**3 - 16*z**2 - 3*z + 34. Give n(i).
-14
Let y = -17 + 25. Suppose c + 3*c = -y. Let z(d) = d**3 - 4*d**2 + 2*d + 6. Let h(q) = 3*q**3 - 7*q**2 + 4*q + 11. Let x(f) = c*h(f) + 5*z(f). What is x(-6)?
-4
Let p(m) = -12 - 29*m + 5*m + 23*m. Give p(-6).
-6
Let m(s) = -s + 1. Suppose -2*q - 2 = -3*z, -q + z = -z. Let w(g) = -g**2 + 4*g - 3. Let h(u) = q*m(u) - w(u). What is h(-3)?
8
Let b be 1 - 2/(-8)*-4. Let r be 1 - -2 - (b - -1). Let z(a) = 2*a**3 - 3*a**2 + 4*a - 3. Determine z(r).
9
Suppose 11 = 2*i - f, 3*i + 5*f - 2*f - 12 = 0. Let t(c) = 3*c**2 - 16*c - 1. Let q be t(i). Let a(n) = n**3 + 5*n**2 - 4*n - 4. Calculate a(q).
-16
Let i(v) be the third derivative of 5/6*v**3 + 0 + 1/12*v**4 + 0*v - 21*v**2. What is i(-5)?
-5
Let b be 6/(((-1)/4)/((-17)/(-102))). Let t(d) be the first derivative of 3/2*d**2 + 1/3*d**3 - 4*d - 2. Give t(b).
0
Let y(j) = -j**2 + j - 1. Let m be 1/(-1) - 5*(-8)/40. Give y(m).
-1
Let h = -286 + 285. Let d(z) = -4*z - 2. Give d(h).
2
Let t(j) = j**2 - 5*j + 1. Let u = 390 - 387. Give t(u).
-5
Let a(v) = -v**3 - 4*v**2 + 3*v - 7. Let l be 12/1 - ((-1 - -5) + -3). Suppose -l*y = -10*y + 5. What is a(y)?
3
Let i(d) = d**2 + 7*d + 6. Let x = 157 + -164. Give i(x).
6
Let a(m) = -m - 9. Let b(i) = -2*i + 44. Let x be b(14). Suppose 4*c - 9 = u, 4*c + x = -4*u - 20. Determine a(u).
0
Let q be (-2)/(-7) - (-1020)/(-238). Let s(y) = -2*y + 5. Calculate s(q).
13
Suppose -4*b = -3*b - 4. Let i(f) = -f + f + 0*f + f + 1. Determine i(b).
5
Let i(c) = -c**3 + 2*c**2 + 2*c - 3. Let t be i(1). Let a be (-10)/(-3) - (-2)/(-6). Let g(f) = f + 1 - f**2 + 3*f**a - 4*f**3 + 0*f. Give g(t).
1
Let o(r) = -r**3 - 5*r**2 - 3*r + 4. Let a be (-3)/((-39)/(-6) - 5). Determine o(a).
-2
Let b(v) = v**2 - 5. Let w = -4 - -3. Let s be 1 + w + 12 + -7. Suppose -k + 4*x = 16, -s*x + 6 = -5*k + 1. Give b(k).
11
Let i(k) be the third derivative of -k**4/3 + k**3/6 - 5*k**2 + 11*k. What is i(2)?
-15
Let w be (-27)/(-6) + (-1)/(-2). Let f(p) = 5*p + 7. Let g(m) = 3*m + 4. Let q(o) = f(o) - 2*g(o). Give q(w).
-6
Suppose -35 = 5*x + 5*q, 6 = x - q + 23. Let s be ((-18)/x)/(6/8). Let f(c) = -c**2 + 3*c - 3. Determine f(s).
-1
Let x(o) = -3*o**3 - o**2 - 3*o - 3. Suppose 0 = 4*z - f + 6, 0 = 41*f - 40*f + 2. Calculate x(z).
23
Let p(a) = -a**2. Suppose -19*r + 17*r = 0. Let u be p(r). Let w(y) = -y + 5. Calculate w(u).
5
Let w(a) be the third derivative of a**4/8 + 8*a**3/3 - 11*a**2 - 5*a. Give w(-8).
-8
Let i(y) = 6. Let z(x) = 3*x - 2 - x + 3 - 3*x. Let p(g) = i(g) - 4*z(g). Calculate p(-5).
-18
Let b(r) = r - 12. Let k(o) = 2*o - 23. Let c(s) = 5*b(s) - 3*k(s). Let d be c(3). Let l(a) = a + 2. What is l(d)?
8
Let b(k) = -54*k + 114*k + 13 - 68*k. What is b(3)?
-11
Let h(a) = 3*a**2 - 6*a + 4. Let t(j) = 2*j**2 - 4*j + 5. Let m(q) = -3*h(q) + 4*t(q). Suppose 3*k + 4*v - 2 = -0*v, 0 = -4*k + 2*v + 32. What is m(k)?
-16
Let l(a) = -5*a**3 + 7*a**2 - 4*a - 6. Let v(b) = b**3 - b + 1. Let x(u) = l(u) + 4*v(u). Suppose 0 = -4*i + 12, -y + 44 = 4*i + 26. What is x(y)?
-14
Suppose -18*x = -31*x + 52. Let q(z) be the first derivative of 1/4*z**4 + 0*z**2 + 7*z + 0*z**3 + x. What is q(0)?
7
Let w(v) be the third derivative of 0*v + 0*v**4 + 19*v**2 + 0 + 1/6*v**3 - 1/60*v**5 - 1/24*v**6. Give w(1).
-5
Let r(i) = -2*i + 3. Suppose -412 = 5*p + 4*g + 8, 3*g = 2*p + 145. Let z = p - -75. Give r(z).
13
Let j = 684 + -679. Let s(i) = i**3 - 6*i**2 + i + 8. Calculate s(j).
-12
Let z(m) = 4*m**2 - 3. Let f(b) = -8*b**2 + 2*b + 5. Let n(w) = -2*f(w) - 5*z(w). Give n(-4).
-43
Let y(o) be the first derivative of -5/3*o**3 - 4*o**2 + 3*o + 1/4*o**4 - 1. Suppose -3*l + 2*d = -13 + 3, -3*l - d + 22 = 0. Determine y(l).
-9
Let p be -4 + (-6 - (0 - 1 - 4)). Let r(n) be the second derivative of 0 + 1/12*n**4 + 3/2*n**2 + 2/3*n**3 - 2*n. Determine r(p).
8
Suppose -2*p + 3 - 5 = 0. Let r(m) = -12*m**2 - 8. Let y(x) = 11*x**2 + 6. Let a(s) = 3*r(s) + 4*y(s). Determine a(p).
8
Let t = -21 + 18. Let r(g) = -4*g + 9. Let a(z) = 3*z - 9. Let h(q) = t*a(q) - 2*r(q). Calculate h(4).
5
Let a(z) = z + 5. Let t be (-58)/(-10) + (-1)/(-5). Suppose -3*b = -2*u - 11, 0 = -u + 2*u + 4*b + 22. Let p = t + u. Determine a(p).
1
Let u = -4 + 3. Let o(y) be the third derivative of y**4/24 + y**3/3 + 341*y**2. Calculate o(u).
1
Let a(l) = 5 - 48*l**2 + 24*l**2 - 6 - 1 + 21*l + 25*l**2. Determine a(-21).
-2
Let z = 2371/30 + -79. Let f(r) be the third derivative of 0 + 1/6*r**3 + 0*r - 1/120*r**6 + 0*r**4 + 7*r**2 + z*r**5. Determine f(2).
1
Let s(r) be the third derivative of -r**6/120 + 3*r**5/10 + 7*r**4/8 - 17*r**3/6 + 108*r**2 + 2*r. Give s(19).
21
Let r(w) = -7*w**2 + 4*w. Let c(t) = 8*t**2 - 4*t + 1. Let s = 14 - 13. Suppose 0 = -d + s + 5. Let y(i) = d*c(i) + 7*r(i). Calculate y(5).
1
Suppose 20*w - 2*p = -34, -12*p + 30 = 5*w - 7*p. Let v be 2/1*1/2. Let u(a) = 11*a - a + 2*a + v. Give u(w).
-11
Let q(d) = 31*d**2 - 4*d + 7. Let r = -34 + 36. Let m(n) = 10*n**2 - n + 2. Let a(l) = r*q(l) - 7*m(l). Determine a(-1).
-7
Let r(w) = -w**2 - 6*w - 2. Let i be r(-5). Let c be (-3*i/(-9))/1. Let g(s) = -2*s + 3. Let p(y) = y + 1. Let v(z) = c*g(z) - 5*p(z). What is v(-2)?
12
Let a(w) = -w + 3. Let y(u) = -5*u + 12. Let s(g) = 9*a(g) - 2*y(g). Let m(z) = -z**3 - 8*z**2 - z - 16. Let j be m(-8). Calculate s(j).
-5
Let u be (-24)/(-132) + 20/(-165)*-15. Let f(q) = 4*q - 4. What is f(u)?
4
Let y(p) be the third derivative of -p**6/120 - 2*p**5/15 + p**4/12 + 11*p**3/6 - 207*p**2 - p. Give y(-8).
-5
Let n(v) be the second derivative of -v**5/20 + 11*v**4/12 + 2*v**3 - 3*v**2/2 + 306*v + 1. Suppose 3*g - 6*g + 36 = 0. Determine n(g).
-3
Let f(w) = w**3 - 2*w**2 - 5*w + 3. Let j = 117 - 113. Determine f(j).
15
Let v(c) = 2 - 335*c + 341*c + 9 - 2 - 2 + c**3 + 6*c**2. Let z be (-3)/((-3)/(-1))*5. Determine v(z).
2
Suppose -5*l + 3*s - 46 = 0, -2 = -4*s + 3*s. Let n(q) = q**3 + 8*q**2 + q + 6. Let b be n(l). Let h(f) = 2*f**3 + 4*f**2 + 2*f. Calculate h(b).
-4
Let c(m) = m + 6 + 22 - 74 + 2*m - 29. Give c(26).
3
Let a(r) = -2*r**2 - 6*r + 6*r**2 - 6 - 3*r**2 - 2*r**2. Let v be 4/6*3*(7 - 9). Calculate a(v).
2
Let j(a) = -53*a - 48. Let q be j(-1). Let s(l) = l**3 - 7*l**2 + 9*l - 8. Give s(q).
-13
Let z be (4/(-7))/((24/28)/(-3)). Suppose -z*o = -2*h + 1 + 11, 5*o - 10 = -5*h. Let w(d) = 5*d - 4. Determine w(h).
16
Let q(x) be the first derivative of -x**3/3 - 4*x**2 - x - 25. What is q(-7)?
6
Let h(c) = -3*c**2 + 48*c - 7. Let t be h(16). Let g(u) = -3*u - 10. Calculate g(t).
11
Let a(c) = 2*c**2 + 5*c**2 - 4*c**2 + 4*c + 2 - 4*c**2. Suppose 5*t - 3*y - 35 = -0*t, -4*y = 20. Give a(t).
2
Let m(c) = -c**3 - 5*c**2 - 1. Suppose d - 2*i - 7 = -i, 0 = -3*i - 12. Let v be 2*(d + (-3 - -2)). Let u(r) = -r**3 + 4*r**2 - 5. Let s be u(v). What is m(s)?
-1
Let v(g) = -g**3 - 7*g**2 - 3*g - 3. Let k(p) = -2*p**3 - 14*p**2 - 5*p - 5. Let w(o) = -4*k(o) + 9*v(o). Give w(-6).
-1
Let o(n) be the second derivative of -n**4/12 + n**3/6 + n - 143. Calculate o(-2).
-6
Let w be 2/3*(1 - -29). Let a be w/(-6)*(-3)/2. Let y(i) = a*i - 6*i - i + 1 + i. Give y(6).
-5
Let q(z) = -3*z**2 - 44*z + 12. Let x be q(-15). Let b(u) = u**2 + 3*u + 4. Calculate b(x).
4
Let h(f) = 4*f**2 + 2*f - f**3 + 0*f**2 + 0*f**2 - 6. Let d(m) = -42*m**2 + 252*m + 4. Let g be d(6). What is h(g)?
2
Let b be (0 - -3)/(10/(160/12)). Let x be 6/(-4)*16/(-6). Let q(v) = b*v - x*v + v + v - 1. Give q(-1).
-3
Let g(f) = 5*f + 5 + 4*f**2 - 3 - 3*f**2. Let a(o) = -o**2 - 4*o - 2. Let j be (-7)/5*-1*(0 - -5). Let c(m) = j*a(m) + 6*g(m). Give c(2).
-2
Let z(v) = -v**3 + 9*v**2 - 15*v + 2. Let d be 2/30 + 2600/375. Calculate z(d).
-5
Suppose -2 + 8 = 3*r. Let w(g) = -2*g + 10. Let i(c) = -10*c + 51. Let n(z) = r*i(z) - 11*w(z). Determine n(7).
6
Suppose 25 = 5*r - 0*r. Let h(p) = 8*p - 2*p - 8*p - 4 + 8. What is h(r)?
-6
Let z(q) = -6*q**2 - 10*q + 6 + 4*q - 4*q**2 + 9*q**2 + 2*q**2. Calculate z(4).
-2
Let y be (-1)/(-3) + (-2)/6 - -24. Suppose 0*c - y = -4*c. Let t(b) = b**2 + 8 + 0*b - 3*b - 5*b. Give t(c).
-4
Let w be (1